{"version":"1.0","provider_name":"Hudo Slovenija","provider_url":"https:\/\/hudo.com\/si","author_name":"hudo","author_url":"https:\/\/hudo.com\/si\/author\/hudo\/","title":"Sloveniji gre dobro, \u017eelje po reformah zato manj\u0161e - Hudo Slovenija","type":"rich","width":600,"height":338,"html":"<blockquote class=\"wp-embedded-content\" data-secret=\"wddO2NhcQo\"><a href=\"https:\/\/hudo.com\/si\/aktualno\/sloveniji-gre-dobro-zelje-po-reformah-zato-manjse\/\">Sloveniji gre dobro, \u017eelje po reformah zato manj\u0161e<\/a><\/blockquote><iframe sandbox=\"allow-scripts\" security=\"restricted\" src=\"https:\/\/hudo.com\/si\/aktualno\/sloveniji-gre-dobro-zelje-po-reformah-zato-manjse\/embed\/#?secret=wddO2NhcQo\" width=\"600\" height=\"338\" title=\"&#8220;Sloveniji gre dobro, \u017eelje po reformah zato manj\u0161e&#8221; &#8212; Hudo Slovenija\" data-secret=\"wddO2NhcQo\" frameborder=\"0\" marginwidth=\"0\" marginheight=\"0\" scrolling=\"no\" class=\"wp-embedded-content\"><\/iframe><script type=\"text\/javascript\">\n\/* <![CDATA[ *\/\n\/*! This file is auto-generated *\/\n!function(d,l){\"use strict\";l.querySelector&&d.addEventListener&&\"undefined\"!=typeof URL&&(d.wp=d.wp||{},d.wp.receiveEmbedMessage||(d.wp.receiveEmbedMessage=function(e){var t=e.data;if((t||t.secret||t.message||t.value)&&!\/[^a-zA-Z0-9]\/.test(t.secret)){for(var s,r,n,a=l.querySelectorAll('iframe[data-secret=\"'+t.secret+'\"]'),o=l.querySelectorAll('blockquote[data-secret=\"'+t.secret+'\"]'),c=new RegExp(\"^https?:$\",\"i\"),i=0;i<o.length;i++)o[i].style.display=\"none\";for(i=0;i<a.length;i++)s=a[i],e.source===s.contentWindow&&(s.removeAttribute(\"style\"),\"height\"===t.message?(1e3<(r=parseInt(t.value,10))?r=1e3:~~r<200&&(r=200),s.height=r):\"link\"===t.message&&(r=new URL(s.getAttribute(\"src\")),n=new URL(t.value),c.test(n.protocol))&&n.host===r.host&&l.activeElement===s&&(d.top.location.href=t.value))}},d.addEventListener(\"message\",d.wp.receiveEmbedMessage,!1),l.addEventListener(\"DOMContentLoaded\",function(){for(var e,t,s=l.querySelectorAll(\"iframe.wp-embedded-content\"),r=0;r<s.length;r++)(t=(e=s[r]).getAttribute(\"data-secret\"))||(t=Math.random().toString(36).substring(2,12),e.src+=\"#?secret=\"+t,e.setAttribute(\"data-secret\",t)),e.contentWindow.postMessage({message:\"ready\",secret:t},\"*\")},!1)))}(window,document);\n\/* ]]> *\/\n<\/script>\n","description":"Kategorija: Finance Wed, 17 Jan 2018 18:00:00 +0100 Dunaj \u2013 Slovenija je zdaj v dobri kondiciji, dosega najvi\u0161jo stopnjo gospodarske rasti v regiji, apetit za reforme se je zato zmanj\u0161al, \u010deprav je prav zdaj\u0161nji \u010das za njihovo izvedbo najbolj primeren, pravi Dan Bucsa, glavni ekonomist Skupine Unicredit za Srednjo in Vzhodno Evropo.Analitiki Unicredita poudarjajo, da je Slovenija v zadnjih letih uspe\u0161no zmanj\u0161ala prora\u010dunski primanjkljaj, ustvarila gospodarsko rast in oklestila slaba ban\u010dna posojila, in hkrati opozarjajo, da nas \u010daka \u0161e zadnji korak, privatizacija dr\u017eavnih bank. \u00bbVelik dele\u017e bank je \u0161e v dr\u017eavni lasti, njihova pretekla slaba posojila so bila razre\u0161ena na ra\u010dun davkopla\u010devalcev, upam da se to v prihodnjem desetletju ne bo ponovilo,\u00ab je poudaril Bucsa v zvezi z zdaj\u0161njimi slovenskimi zapleti tudi glede privatizacije NLB. Kar zadeva nujne reforme, v Unicreditu izpostavljajo predvsem trg dela \u2013 kjer v Sloveniji\u00a0...","thumbnail_url":"https:\/\/hudo.com\/si\/wp-content\/uploads\/sites\/2\/2018\/01\/480x290_Gospodarska__djvu_2596479_g_hires0.jpeg","thumbnail_width":480,"thumbnail_height":290}

Sloveniji gre dobro, želje po reformah zato manjše - Hudo Slovenija

<blockquote class="wp-embedded-content" data-secret="wddO2NhcQo"><a href="https://hudo.com/si/aktualno/sloveniji-gre-dobro-zelje-po-reformah-zato-manjse/">Sloveniji gre dobro, želje po reformah zato manjše</a></blockquote><iframe sandbox="allow-scripts" security="restricted" src="https://hudo.com/si/aktualno/sloveniji-gre-dobro-zelje-po-reformah-zato-manjse/embed/#?secret=wddO2NhcQo" width="600" height="338" title="&#8220;Sloveniji gre dobro, želje po reformah zato manjše&#8221; &#8212; Hudo Slovenija" data-secret="wddO2NhcQo" frameborder="0" marginwidth="0" marginheight="0" scrolling="no" class="wp-embedded-content"></iframe><script type="text/javascript">
/* <![CDATA[ */
/*! This file is auto-generated */
!function(d,l){"use strict";l.querySelector&&d.addEventListener&&"undefined"!=typeof URL&&(d.wp=d.wp||{},d.wp.receiveEmbedMessage||(d.wp.receiveEmbedMessage=function(e){var t=e.data;if((t||t.secret||t.message||t.value)&&!/[^a-zA-Z0-9]/.test(t.secret)){for(var s,r,n,a=l.querySelectorAll('iframe[data-secret="'+t.secret+'"]'),o=l.querySelectorAll('blockquote[data-secret="'+t.secret+'"]'),c=new RegExp("^https?:$","i"),i=0;i<o.length;i++)o[i].style.display="none";for(i=0;i<a.length;i++)s=a[i],e.source===s.contentWindow&&(s.removeAttribute("style"),"height"===t.message?(1e3<(r=parseInt(t.value,10))?r=1e3:~~r<200&&(r=200),s.height=r):"link"===t.message&&(r=new URL(s.getAttribute("src")),n=new URL(t.value),c.test(n.protocol))&&n.host===r.host&&l.activeElement===s&&(d.top.location.href=t.value))}},d.addEventListener("message",d.wp.receiveEmbedMessage,!1),l.addEventListener("DOMContentLoaded",function(){for(var e,t,s=l.querySelectorAll("iframe.wp-embedded-content"),r=0;r<s.length;r++)(t=(e=s[r]).getAttribute("data-secret"))||(t=Math.random().toString(36).substring(2,12),e.src+="#?secret="+t,e.setAttribute("data-secret",t)),e.contentWindow.postMessage({message:"ready",secret:t},"*")},!1)))}(window,document);
/* ]]> */
</script>

Kategorija: Finance Wed, 17 Jan 2018 18:00:00 +0100 Dunaj – Slovenija je zdaj v dobri kondiciji, dosega najvišjo stopnjo gospodarske rasti v regiji, apetit za reforme se je zato zmanjšal, čeprav je prav zdajšnji čas za njihovo izvedbo najbolj primeren, pravi Dan Bucsa, glavni ekonomist Skupine Unicredit za Srednjo in Vzhodno Evropo.Analitiki Unicredita poudarjajo, da je Slovenija v zadnjih letih uspešno zmanjšala proračunski primanjkljaj, ustvarila gospodarsko rast in oklestila slaba bančna posojila, in hkrati opozarjajo, da nas čaka še zadnji korak, privatizacija državnih bank. »Velik delež bank je še v državni lasti, njihova pretekla slaba posojila so bila razrešena na račun davkoplačevalcev, upam da se to v prihodnjem desetletju ne bo ponovilo,« je poudaril Bucsa v zvezi z zdajšnjimi slovenskimi zapleti tudi glede privatizacije NLB. Kar zadeva nujne reforme, v Unicreditu izpostavljajo predvsem trg dela – kjer v Sloveniji ...
