{"version":"1.0","provider_name":"Hudo Slovenija","provider_url":"https:\/\/hudo.com\/si","author_name":"A. G., STA","author_url":"https:\/\/hudo.com\/si\/author\/alenka\/","title":"Delegati DeSUS izbirajo novega predsednika: se bo Erjavec vrnil? - Hudo Slovenija","type":"rich","width":600,"height":338,"html":"<blockquote class=\"wp-embedded-content\" data-secret=\"UyY2s09e9p\"><a href=\"https:\/\/hudo.com\/si\/aktualno\/delegati-desus-izbirajo-novega-predsednika-se-bo-erjavec-vrnil\/\">Delegati DeSUS izbirajo novega predsednika: se bo Erjavec vrnil?<\/a><\/blockquote><iframe sandbox=\"allow-scripts\" security=\"restricted\" src=\"https:\/\/hudo.com\/si\/aktualno\/delegati-desus-izbirajo-novega-predsednika-se-bo-erjavec-vrnil\/embed\/#?secret=UyY2s09e9p\" width=\"600\" height=\"338\" title=\"&#8220;Delegati DeSUS izbirajo novega predsednika: se bo Erjavec vrnil?&#8221; &#8212; Hudo Slovenija\" data-secret=\"UyY2s09e9p\" frameborder=\"0\" marginwidth=\"0\" marginheight=\"0\" scrolling=\"no\" class=\"wp-embedded-content\"><\/iframe><script type=\"text\/javascript\">\n\/* <![CDATA[ *\/\n\/*! This file is auto-generated *\/\n!function(d,l){\"use strict\";l.querySelector&&d.addEventListener&&\"undefined\"!=typeof URL&&(d.wp=d.wp||{},d.wp.receiveEmbedMessage||(d.wp.receiveEmbedMessage=function(e){var t=e.data;if((t||t.secret||t.message||t.value)&&!\/[^a-zA-Z0-9]\/.test(t.secret)){for(var s,r,n,a=l.querySelectorAll('iframe[data-secret=\"'+t.secret+'\"]'),o=l.querySelectorAll('blockquote[data-secret=\"'+t.secret+'\"]'),c=new RegExp(\"^https?:$\",\"i\"),i=0;i<o.length;i++)o[i].style.display=\"none\";for(i=0;i<a.length;i++)s=a[i],e.source===s.contentWindow&&(s.removeAttribute(\"style\"),\"height\"===t.message?(1e3<(r=parseInt(t.value,10))?r=1e3:~~r<200&&(r=200),s.height=r):\"link\"===t.message&&(r=new URL(s.getAttribute(\"src\")),n=new URL(t.value),c.test(n.protocol))&&n.host===r.host&&l.activeElement===s&&(d.top.location.href=t.value))}},d.addEventListener(\"message\",d.wp.receiveEmbedMessage,!1),l.addEventListener(\"DOMContentLoaded\",function(){for(var e,t,s=l.querySelectorAll(\"iframe.wp-embedded-content\"),r=0;r<s.length;r++)(t=(e=s[r]).getAttribute(\"data-secret\"))||(t=Math.random().toString(36).substring(2,12),e.src+=\"#?secret=\"+t,e.setAttribute(\"data-secret\",t)),e.contentWindow.postMessage({message:\"ready\",secret:t},\"*\")},!1)))}(window,document);\n\/* ]]> *\/\n<\/script>\n","thumbnail_url":"https:\/\/hudo.com\/si\/wp-content\/uploads\/sites\/2\/2019\/11\/20190621-00944859.jpg","thumbnail_width":640,"thumbnail_height":427,"description":"Delegati DeSUS danes za\u010denjajo izredni volilni kongres, ki bo dopisno potekal do 5. decembra. Glasovali bodo od 27. novembra do 1. decembra, za predsednika kandidirata Sre\u010dko Felix Krope in Karl Erjavec, ki velja za favorita. Potem ko se je po januarskem porazu proti Aleksandri Pivec za kratek \u010das umaknil, se zdaj vra\u010da na politi\u010dni parket."}

Delegati DeSUS danes začenjajo izredni volilni kongres, ki bo dopisno potekal do 5. decembra. Glasovali bodo od 27. novembra do 1. decembra, za predsednika kandidirata Srečko Felix Krope in Karl Erjavec, ki velja za favorita. Potem ko se je po januarskem porazu proti Aleksandri Pivec za kratek čas umaknil, se zdaj vrača na politični parket.
