{"version":"1.0","provider_name":"Hudo Slovenija","provider_url":"https:\/\/hudo.com\/si","author_name":"hudo","author_url":"https:\/\/hudo.com\/si\/author\/hudo\/","title":"Ekstremisti belih strmin - Hudo Slovenija","type":"rich","width":600,"height":338,"html":"<blockquote class=\"wp-embedded-content\" data-secret=\"7euzfj6ALK\"><a href=\"https:\/\/hudo.com\/si\/aktualno\/ekstremisti-belih-strmin\/\">Ekstremisti belih strmin<\/a><\/blockquote><iframe sandbox=\"allow-scripts\" security=\"restricted\" src=\"https:\/\/hudo.com\/si\/aktualno\/ekstremisti-belih-strmin\/embed\/#?secret=7euzfj6ALK\" width=\"600\" height=\"338\" title=\"&#8220;Ekstremisti belih strmin&#8221; &#8212; Hudo Slovenija\" data-secret=\"7euzfj6ALK\" frameborder=\"0\" marginwidth=\"0\" marginheight=\"0\" scrolling=\"no\" class=\"wp-embedded-content\"><\/iframe><script type=\"text\/javascript\">\n\/* <![CDATA[ *\/\n\/*! This file is auto-generated *\/\n!function(d,l){\"use strict\";l.querySelector&&d.addEventListener&&\"undefined\"!=typeof URL&&(d.wp=d.wp||{},d.wp.receiveEmbedMessage||(d.wp.receiveEmbedMessage=function(e){var t=e.data;if((t||t.secret||t.message||t.value)&&!\/[^a-zA-Z0-9]\/.test(t.secret)){for(var s,r,n,a=l.querySelectorAll('iframe[data-secret=\"'+t.secret+'\"]'),o=l.querySelectorAll('blockquote[data-secret=\"'+t.secret+'\"]'),c=new RegExp(\"^https?:$\",\"i\"),i=0;i<o.length;i++)o[i].style.display=\"none\";for(i=0;i<a.length;i++)s=a[i],e.source===s.contentWindow&&(s.removeAttribute(\"style\"),\"height\"===t.message?(1e3<(r=parseInt(t.value,10))?r=1e3:~~r<200&&(r=200),s.height=r):\"link\"===t.message&&(r=new URL(s.getAttribute(\"src\")),n=new URL(t.value),c.test(n.protocol))&&n.host===r.host&&l.activeElement===s&&(d.top.location.href=t.value))}},d.addEventListener(\"message\",d.wp.receiveEmbedMessage,!1),l.addEventListener(\"DOMContentLoaded\",function(){for(var e,t,s=l.querySelectorAll(\"iframe.wp-embedded-content\"),r=0;r<s.length;r++)(t=(e=s[r]).getAttribute(\"data-secret\"))||(t=Math.random().toString(36).substring(2,12),e.src+=\"#?secret=\"+t,e.setAttribute(\"data-secret\",t)),e.contentWindow.postMessage({message:\"ready\",secret:t},\"*\")},!1)))}(window,document);\n\/* ]]> *\/\n<\/script>\n","description":"Dva tedna po kon\u010danem svetovnem smu\u010darskem pokalu v alpskih in nordijskih disciplinah se je v \u0161vicarskem Verbieru kon\u010dal \u0161e Freeride World Tour, na katerem nastopajo najbolj\u0161i smu\u010darji in deskarji prostega sloga. Po petih etapah sezone so bili pod slovito goro Bec des Rosses kronani najbolj \u201cekstremni\u201d, ki letos presene\u010dajo predvsem z mladostjo.","thumbnail_url":"https:\/\/hudo.com\/si\/wp-content\/uploads\/sites\/2\/2016\/04\/083-SMUKA1.jpg","thumbnail_width":620,"thumbnail_height":477}

Dva tedna po končanem svetovnem smučarskem pokalu v alpskih in nordijskih disciplinah se je v švicarskem Verbieru končal še Freeride World Tour, na katerem nastopajo najboljši smučarji in deskarji prostega sloga. Po petih etapah sezone so bili pod slovito goro Bec des Rosses kronani najbolj “ekstremni”, ki letos presenečajo predvsem z mladostjo.
