{"version":"1.0","provider_name":"Hudo Slovenija","provider_url":"https:\/\/hudo.com\/si","author_name":"A. P., STA","author_url":"https:\/\/hudo.com\/si\/author\/lubu\/","title":"Jan\u0161a meni, da je bilo predsedovanje EU uspe\u0161no - Hudo Slovenija","type":"rich","width":600,"height":338,"html":"<blockquote class=\"wp-embedded-content\" data-secret=\"tZc1gH39ph\"><a href=\"https:\/\/hudo.com\/si\/aktualno\/slovenija\/jansa-meni-da-je-bilo-predsedovanje-eu-uspesno\/\">Jan\u0161a meni, da je bilo predsedovanje EU uspe\u0161no<\/a><\/blockquote><iframe sandbox=\"allow-scripts\" security=\"restricted\" src=\"https:\/\/hudo.com\/si\/aktualno\/slovenija\/jansa-meni-da-je-bilo-predsedovanje-eu-uspesno\/embed\/#?secret=tZc1gH39ph\" width=\"600\" height=\"338\" title=\"&#8220;Jan\u0161a meni, da je bilo predsedovanje EU uspe\u0161no&#8221; &#8212; Hudo Slovenija\" data-secret=\"tZc1gH39ph\" frameborder=\"0\" marginwidth=\"0\" marginheight=\"0\" scrolling=\"no\" class=\"wp-embedded-content\"><\/iframe><script type=\"text\/javascript\">\n\/* <![CDATA[ *\/\n\/*! This file is auto-generated *\/\n!function(d,l){\"use strict\";l.querySelector&&d.addEventListener&&\"undefined\"!=typeof URL&&(d.wp=d.wp||{},d.wp.receiveEmbedMessage||(d.wp.receiveEmbedMessage=function(e){var t=e.data;if((t||t.secret||t.message||t.value)&&!\/[^a-zA-Z0-9]\/.test(t.secret)){for(var s,r,n,a=l.querySelectorAll('iframe[data-secret=\"'+t.secret+'\"]'),o=l.querySelectorAll('blockquote[data-secret=\"'+t.secret+'\"]'),c=new RegExp(\"^https?:$\",\"i\"),i=0;i<o.length;i++)o[i].style.display=\"none\";for(i=0;i<a.length;i++)s=a[i],e.source===s.contentWindow&&(s.removeAttribute(\"style\"),\"height\"===t.message?(1e3<(r=parseInt(t.value,10))?r=1e3:~~r<200&&(r=200),s.height=r):\"link\"===t.message&&(r=new URL(s.getAttribute(\"src\")),n=new URL(t.value),c.test(n.protocol))&&n.host===r.host&&l.activeElement===s&&(d.top.location.href=t.value))}},d.addEventListener(\"message\",d.wp.receiveEmbedMessage,!1),l.addEventListener(\"DOMContentLoaded\",function(){for(var e,t,s=l.querySelectorAll(\"iframe.wp-embedded-content\"),r=0;r<s.length;r++)(t=(e=s[r]).getAttribute(\"data-secret\"))||(t=Math.random().toString(36).substring(2,12),e.src+=\"#?secret=\"+t,e.setAttribute(\"data-secret\",t)),e.contentWindow.postMessage({message:\"ready\",secret:t},\"*\")},!1)))}(window,document);\n\/* ]]> *\/\n<\/script>\n","thumbnail_url":"https:\/\/hudo.com\/si\/wp-content\/uploads\/sites\/2\/2021\/12\/profimedia-0636913337.jpg","thumbnail_width":1250,"thumbnail_height":833,"description":"Janez Jan\u0161a je danes slovensko predsedovanje Svetu EU, ki se z dana\u0161njim dnem izteka, ozna\u010dil za uspe\u0161no. V nagovoru sodelavkam in sodelavcem je poudaril, da je bil ta zahteven in odgovoren projekt velik izziv in obenem izjemna prilo\u017enost. Dose\u017eeni so bili \u0161tevilni vsebinsko pomembni premiki, je ocenil."}

Janša meni, da je bilo predsedovanje EU uspešno - Hudo Slovenija

<blockquote class="wp-embedded-content" data-secret="tZc1gH39ph"><a href="https://hudo.com/si/aktualno/slovenija/jansa-meni-da-je-bilo-predsedovanje-eu-uspesno/">Janša meni, da je bilo predsedovanje EU uspešno</a></blockquote><iframe sandbox="allow-scripts" security="restricted" src="https://hudo.com/si/aktualno/slovenija/jansa-meni-da-je-bilo-predsedovanje-eu-uspesno/embed/#?secret=tZc1gH39ph" width="600" height="338" title="&#8220;Janša meni, da je bilo predsedovanje EU uspešno&#8221; &#8212; Hudo Slovenija" data-secret="tZc1gH39ph" frameborder="0" marginwidth="0" marginheight="0" scrolling="no" class="wp-embedded-content"></iframe><script type="text/javascript">
/* <![CDATA[ */
/*! This file is auto-generated */
!function(d,l){"use strict";l.querySelector&&d.addEventListener&&"undefined"!=typeof URL&&(d.wp=d.wp||{},d.wp.receiveEmbedMessage||(d.wp.receiveEmbedMessage=function(e){var t=e.data;if((t||t.secret||t.message||t.value)&&!/[^a-zA-Z0-9]/.test(t.secret)){for(var s,r,n,a=l.querySelectorAll('iframe[data-secret="'+t.secret+'"]'),o=l.querySelectorAll('blockquote[data-secret="'+t.secret+'"]'),c=new RegExp("^https?:$","i"),i=0;i<o.length;i++)o[i].style.display="none";for(i=0;i<a.length;i++)s=a[i],e.source===s.contentWindow&&(s.removeAttribute("style"),"height"===t.message?(1e3<(r=parseInt(t.value,10))?r=1e3:~~r<200&&(r=200),s.height=r):"link"===t.message&&(r=new URL(s.getAttribute("src")),n=new URL(t.value),c.test(n.protocol))&&n.host===r.host&&l.activeElement===s&&(d.top.location.href=t.value))}},d.addEventListener("message",d.wp.receiveEmbedMessage,!1),l.addEventListener("DOMContentLoaded",function(){for(var e,t,s=l.querySelectorAll("iframe.wp-embedded-content"),r=0;r<s.length;r++)(t=(e=s[r]).getAttribute("data-secret"))||(t=Math.random().toString(36).substring(2,12),e.src+="#?secret="+t,e.setAttribute("data-secret",t)),e.contentWindow.postMessage({message:"ready",secret:t},"*")},!1)))}(window,document);
/* ]]> */
</script>

Janez Janša je danes slovensko predsedovanje Svetu EU, ki se z današnjim dnem izteka, označil za uspešno. V nagovoru sodelavkam in sodelavcem je poudaril, da je bil ta zahteven in odgovoren projekt velik izziv in obenem izjemna priložnost. Doseženi so bili številni vsebinsko pomembni premiki, je ocenil.
