{"version":"1.0","provider_name":"Hudo Slovenija","provider_url":"https:\/\/hudo.com\/si","author_name":"hudo","author_url":"https:\/\/hudo.com\/si\/author\/hudo\/","title":"Sumljivo smrt v Kamni\u0161kih Alpah policija obravnava kot kaznivo dejanje - Hudo Slovenija","type":"rich","width":600,"height":338,"html":"<blockquote class=\"wp-embedded-content\" data-secret=\"jkFPqxdx1z\"><a href=\"https:\/\/hudo.com\/si\/aktualno\/sumljivo-smrt-v-kamniskih-alpah-policija-obravnava-kot-kaznivo-dejanje\/\">Sumljivo smrt v Kamni\u0161kih Alpah policija obravnava kot kaznivo dejanje<\/a><\/blockquote><iframe sandbox=\"allow-scripts\" security=\"restricted\" src=\"https:\/\/hudo.com\/si\/aktualno\/sumljivo-smrt-v-kamniskih-alpah-policija-obravnava-kot-kaznivo-dejanje\/embed\/#?secret=jkFPqxdx1z\" width=\"600\" height=\"338\" title=\"&#8220;Sumljivo smrt v Kamni\u0161kih Alpah policija obravnava kot kaznivo dejanje&#8221; &#8212; Hudo Slovenija\" data-secret=\"jkFPqxdx1z\" frameborder=\"0\" marginwidth=\"0\" marginheight=\"0\" scrolling=\"no\" class=\"wp-embedded-content\"><\/iframe><script type=\"text\/javascript\">\n\/* <![CDATA[ *\/\n\/*! This file is auto-generated *\/\n!function(d,l){\"use strict\";l.querySelector&&d.addEventListener&&\"undefined\"!=typeof URL&&(d.wp=d.wp||{},d.wp.receiveEmbedMessage||(d.wp.receiveEmbedMessage=function(e){var t=e.data;if((t||t.secret||t.message||t.value)&&!\/[^a-zA-Z0-9]\/.test(t.secret)){for(var s,r,n,a=l.querySelectorAll('iframe[data-secret=\"'+t.secret+'\"]'),o=l.querySelectorAll('blockquote[data-secret=\"'+t.secret+'\"]'),c=new RegExp(\"^https?:$\",\"i\"),i=0;i<o.length;i++)o[i].style.display=\"none\";for(i=0;i<a.length;i++)s=a[i],e.source===s.contentWindow&&(s.removeAttribute(\"style\"),\"height\"===t.message?(1e3<(r=parseInt(t.value,10))?r=1e3:~~r<200&&(r=200),s.height=r):\"link\"===t.message&&(r=new URL(s.getAttribute(\"src\")),n=new URL(t.value),c.test(n.protocol))&&n.host===r.host&&l.activeElement===s&&(d.top.location.href=t.value))}},d.addEventListener(\"message\",d.wp.receiveEmbedMessage,!1),l.addEventListener(\"DOMContentLoaded\",function(){for(var e,t,s=l.querySelectorAll(\"iframe.wp-embedded-content\"),r=0;r<s.length;r++)(t=(e=s[r]).getAttribute(\"data-secret\"))||(t=Math.random().toString(36).substring(2,12),e.src+=\"#?secret=\"+t,e.setAttribute(\"data-secret\",t)),e.contentWindow.postMessage({message:\"ready\",secret:t},\"*\")},!1)))}(window,document);\n\/* ]]> *\/\n<\/script>\n","description":"Kategorija: Kronika Thu, 15 Sep 2016 07:09:00 +0200 Ljubljana - Okoli 13. ure se je v Kamni\u0161kih Alpah zgodila nesre\u010da, v kateri je ena oseba umrla, ena pa je po\u0161kodovana. Gorska re\u0161evalna slu\u017eba je 27-letnega ponesre\u010denca prepeljala v dolino. Po do sedaj zbranih informacijah policije je 27-letna po\u0161kodovana oseba osumljena kaznivega dejanja zoper \u017eivljenje in telo. Policisti so 27-letniku odvzeli prostost, ogled kraja dejanja pa bodo nadaljevali zjutraj. Dodatnih informacij policija ni razkrila, je pa na portalu Uprave RS za za\u0161\u010dito in re\u0161evanje zapisano, da sta se ob 12.55 na poti na Srebrno sedlo v ob\u010dini Kamnik po\u0161kodovala dva planinca. Eden od njiju je padel v globel in umrl na kraju nesre\u010de.","thumbnail_url":"https:\/\/hudo.com\/si\/wp-content\/uploads\/sites\/2\/2016\/09\/480x290_11831812_10207146983730619_7171421372072816931_n20-20Kopija.jpeg","thumbnail_width":480,"thumbnail_height":290}

Sumljivo smrt v Kamniških Alpah policija obravnava kot kaznivo dejanje - Hudo Slovenija

<blockquote class="wp-embedded-content" data-secret="jkFPqxdx1z"><a href="https://hudo.com/si/aktualno/sumljivo-smrt-v-kamniskih-alpah-policija-obravnava-kot-kaznivo-dejanje/">Sumljivo smrt v Kamniških Alpah policija obravnava kot kaznivo dejanje</a></blockquote><iframe sandbox="allow-scripts" security="restricted" src="https://hudo.com/si/aktualno/sumljivo-smrt-v-kamniskih-alpah-policija-obravnava-kot-kaznivo-dejanje/embed/#?secret=jkFPqxdx1z" width="600" height="338" title="&#8220;Sumljivo smrt v Kamniških Alpah policija obravnava kot kaznivo dejanje&#8221; &#8212; Hudo Slovenija" data-secret="jkFPqxdx1z" frameborder="0" marginwidth="0" marginheight="0" scrolling="no" class="wp-embedded-content"></iframe><script type="text/javascript">
/* <![CDATA[ */
/*! This file is auto-generated */
!function(d,l){"use strict";l.querySelector&&d.addEventListener&&"undefined"!=typeof URL&&(d.wp=d.wp||{},d.wp.receiveEmbedMessage||(d.wp.receiveEmbedMessage=function(e){var t=e.data;if((t||t.secret||t.message||t.value)&&!/[^a-zA-Z0-9]/.test(t.secret)){for(var s,r,n,a=l.querySelectorAll('iframe[data-secret="'+t.secret+'"]'),o=l.querySelectorAll('blockquote[data-secret="'+t.secret+'"]'),c=new RegExp("^https?:$","i"),i=0;i<o.length;i++)o[i].style.display="none";for(i=0;i<a.length;i++)s=a[i],e.source===s.contentWindow&&(s.removeAttribute("style"),"height"===t.message?(1e3<(r=parseInt(t.value,10))?r=1e3:~~r<200&&(r=200),s.height=r):"link"===t.message&&(r=new URL(s.getAttribute("src")),n=new URL(t.value),c.test(n.protocol))&&n.host===r.host&&l.activeElement===s&&(d.top.location.href=t.value))}},d.addEventListener("message",d.wp.receiveEmbedMessage,!1),l.addEventListener("DOMContentLoaded",function(){for(var e,t,s=l.querySelectorAll("iframe.wp-embedded-content"),r=0;r<s.length;r++)(t=(e=s[r]).getAttribute("data-secret"))||(t=Math.random().toString(36).substring(2,12),e.src+="#?secret="+t,e.setAttribute("data-secret",t)),e.contentWindow.postMessage({message:"ready",secret:t},"*")},!1)))}(window,document);
/* ]]> */
</script>

Kategorija: Kronika Thu, 15 Sep 2016 07:09:00 +0200 Ljubljana - Okoli 13. ure se je v Kamniških Alpah zgodila nesreča, v kateri je ena oseba umrla, ena pa je poškodovana. Gorska reševalna služba je 27-letnega ponesrečenca prepeljala v dolino. Po do sedaj zbranih informacijah policije je 27-letna poškodovana oseba osumljena kaznivega dejanja zoper življenje in telo. Policisti so 27-letniku odvzeli prostost, ogled kraja dejanja pa bodo nadaljevali zjutraj. Dodatnih informacij policija ni razkrila, je pa na portalu Uprave RS za zaščito in reševanje zapisano, da sta se ob 12.55 na poti na Srebrno sedlo v občini Kamnik poškodovala dva planinca. Eden od njiju je padel v globel in umrl na kraju nesreče.
