{"version":"1.0","provider_name":"Hudo Slovenija","provider_url":"https:\/\/hudo.com\/si","author_name":"hudo","author_url":"https:\/\/hudo.com\/si\/author\/hudo\/","title":"\u010cetverica dr\u017eav podpisala deklaracijo o skupnem jeziku - Hudo Slovenija","type":"rich","width":600,"height":338,"html":"<blockquote class=\"wp-embedded-content\" data-secret=\"x6JFs95BbT\"><a href=\"https:\/\/hudo.com\/si\/aktualno\/cetverica-drzav-podpisala-deklaracijo-o-skupnem-jeziku\/\">\u010cetverica dr\u017eav podpisala deklaracijo o skupnem jeziku<\/a><\/blockquote><iframe sandbox=\"allow-scripts\" security=\"restricted\" src=\"https:\/\/hudo.com\/si\/aktualno\/cetverica-drzav-podpisala-deklaracijo-o-skupnem-jeziku\/embed\/#?secret=x6JFs95BbT\" width=\"600\" height=\"338\" title=\"&#8220;\u010cetverica dr\u017eav podpisala deklaracijo o skupnem jeziku&#8221; &#8212; Hudo Slovenija\" data-secret=\"x6JFs95BbT\" frameborder=\"0\" marginwidth=\"0\" marginheight=\"0\" scrolling=\"no\" class=\"wp-embedded-content\"><\/iframe><script type=\"text\/javascript\">\n\/* <![CDATA[ *\/\n\/*! This file is auto-generated *\/\n!function(d,l){\"use strict\";l.querySelector&&d.addEventListener&&\"undefined\"!=typeof URL&&(d.wp=d.wp||{},d.wp.receiveEmbedMessage||(d.wp.receiveEmbedMessage=function(e){var t=e.data;if((t||t.secret||t.message||t.value)&&!\/[^a-zA-Z0-9]\/.test(t.secret)){for(var s,r,n,a=l.querySelectorAll('iframe[data-secret=\"'+t.secret+'\"]'),o=l.querySelectorAll('blockquote[data-secret=\"'+t.secret+'\"]'),c=new RegExp(\"^https?:$\",\"i\"),i=0;i<o.length;i++)o[i].style.display=\"none\";for(i=0;i<a.length;i++)s=a[i],e.source===s.contentWindow&&(s.removeAttribute(\"style\"),\"height\"===t.message?(1e3<(r=parseInt(t.value,10))?r=1e3:~~r<200&&(r=200),s.height=r):\"link\"===t.message&&(r=new URL(s.getAttribute(\"src\")),n=new URL(t.value),c.test(n.protocol))&&n.host===r.host&&l.activeElement===s&&(d.top.location.href=t.value))}},d.addEventListener(\"message\",d.wp.receiveEmbedMessage,!1),l.addEventListener(\"DOMContentLoaded\",function(){for(var e,t,s=l.querySelectorAll(\"iframe.wp-embedded-content\"),r=0;r<s.length;r++)(t=(e=s[r]).getAttribute(\"data-secret\"))||(t=Math.random().toString(36).substring(2,12),e.src+=\"#?secret=\"+t,e.setAttribute(\"data-secret\",t)),e.contentWindow.postMessage({message:\"ready\",secret:t},\"*\")},!1)))}(window,document);\n\/* ]]> *\/\n<\/script>\n","description":"Kategorija: Evropa Thu, 30 Mar 2017 15:49:00 +0200 Sarajevo \u2212 Ve\u010d kot 200 lingvistov, knji\u017eevnikov, umetnikov, novinarjev in drugih javnih osebnosti iz Bosne in Hercegovine, \u010crne gore, Hrva\u0161ke in Srbije je podpisalo deklaracijo o skupnem jeziku, ki so jo danes predstavili v Sarajevu. Podpisniki namre\u010d trdijo, da se v \u010detverici dr\u017eav uporablja skupni jezik, ki ima \u0161tiri standardne razli\u010dice in svoje ime v vsaki od teh dr\u017eav. V deklaraciji so zapisali, da gre za skupen standardni jezik, ki je policentri\u010den, ker v tem jeziku z razpoznavnimi razli\u010dicami govori ve\u010d narodov v ve\u010d dr\u017eavah. Ena lingvisti\u010dna osnova \u00bb\u010ce pogledamo z lingvisti\u010dne plati, je znanstveno potrjeno, da gre za eno lingvisti\u010dno osnovo, \u010de se ljudje v medsebojni komunikaciji razumejo v 75 odstotkih jezika,\u00ab je povedala hrva\u0161ka pisateljica Ivana Bodro\u017ei\u0107 med dana\u0161njo predstavitvijo deklaracije v Sarajevu. Dejala je, da z deklaracijo ne vsiljujejo skupnega\u00a0...","thumbnail_url":"https:\/\/hudo.com\/si\/wp-content\/uploads\/sites\/2\/2017\/03\/480x290_Mnenja__djvu_1906088_suhec__hires1.jpeg","thumbnail_width":480,"thumbnail_height":290}

Četverica držav podpisala deklaracijo o skupnem jeziku - Hudo Slovenija

<blockquote class="wp-embedded-content" data-secret="x6JFs95BbT"><a href="https://hudo.com/si/aktualno/cetverica-drzav-podpisala-deklaracijo-o-skupnem-jeziku/">Četverica držav podpisala deklaracijo o skupnem jeziku</a></blockquote><iframe sandbox="allow-scripts" security="restricted" src="https://hudo.com/si/aktualno/cetverica-drzav-podpisala-deklaracijo-o-skupnem-jeziku/embed/#?secret=x6JFs95BbT" width="600" height="338" title="&#8220;Četverica držav podpisala deklaracijo o skupnem jeziku&#8221; &#8212; Hudo Slovenija" data-secret="x6JFs95BbT" frameborder="0" marginwidth="0" marginheight="0" scrolling="no" class="wp-embedded-content"></iframe><script type="text/javascript">
/* <![CDATA[ */
/*! This file is auto-generated */
!function(d,l){"use strict";l.querySelector&&d.addEventListener&&"undefined"!=typeof URL&&(d.wp=d.wp||{},d.wp.receiveEmbedMessage||(d.wp.receiveEmbedMessage=function(e){var t=e.data;if((t||t.secret||t.message||t.value)&&!/[^a-zA-Z0-9]/.test(t.secret)){for(var s,r,n,a=l.querySelectorAll('iframe[data-secret="'+t.secret+'"]'),o=l.querySelectorAll('blockquote[data-secret="'+t.secret+'"]'),c=new RegExp("^https?:$","i"),i=0;i<o.length;i++)o[i].style.display="none";for(i=0;i<a.length;i++)s=a[i],e.source===s.contentWindow&&(s.removeAttribute("style"),"height"===t.message?(1e3<(r=parseInt(t.value,10))?r=1e3:~~r<200&&(r=200),s.height=r):"link"===t.message&&(r=new URL(s.getAttribute("src")),n=new URL(t.value),c.test(n.protocol))&&n.host===r.host&&l.activeElement===s&&(d.top.location.href=t.value))}},d.addEventListener("message",d.wp.receiveEmbedMessage,!1),l.addEventListener("DOMContentLoaded",function(){for(var e,t,s=l.querySelectorAll("iframe.wp-embedded-content"),r=0;r<s.length;r++)(t=(e=s[r]).getAttribute("data-secret"))||(t=Math.random().toString(36).substring(2,12),e.src+="#?secret="+t,e.setAttribute("data-secret",t)),e.contentWindow.postMessage({message:"ready",secret:t},"*")},!1)))}(window,document);
/* ]]> */
</script>

Kategorija: Evropa Thu, 30 Mar 2017 15:49:00 +0200 Sarajevo − Več kot 200 lingvistov, književnikov, umetnikov, novinarjev in drugih javnih osebnosti iz Bosne in Hercegovine, Črne gore, Hrvaške in Srbije je podpisalo deklaracijo o skupnem jeziku, ki so jo danes predstavili v Sarajevu. Podpisniki namreč trdijo, da se v četverici držav uporablja skupni jezik, ki ima štiri standardne različice in svoje ime v vsaki od teh držav. V deklaraciji so zapisali, da gre za skupen standardni jezik, ki je policentričen, ker v tem jeziku z razpoznavnimi različicami govori več narodov v več državah. Ena lingvistična osnova »Če pogledamo z lingvistične plati, je znanstveno potrjeno, da gre za eno lingvistično osnovo, če se ljudje v medsebojni komunikaciji razumejo v 75 odstotkih jezika,« je povedala hrvaška pisateljica Ivana Bodrožić med današnjo predstavitvijo deklaracije v Sarajevu. Dejala je, da z deklaracijo ne vsiljujejo skupnega ...
